-4
What is (282 - 260 - (20 - -2)) + (41 - -2)?
43
-66 + -27 - -21 - -106
34
2660 + -2651 - (-7 - 1)
17
Evaluate -62 - (-20 + -16 - -4) - (0 + -2 - 1).
-27
Evaluate (-10 - 7) + -71 + -11 - -34.
-65
Calculate 14 - (-192 + 177 - (-2 - -2)).
29
What is the value of -8 + (61 + -73 - (-20 + (2 - 5)))?
3
What is (49 - 98) + 68 + -55?
-36
0 + 2 + 3 + 50 + (1 + 25 - 15)
66
What is -59 + (-108 - -16 - -64)?
-87
What is (-1 - 123 - 5) + -471 + 461?
-139
What is the value of 24 - (-10 - (2 - 11 - (3 + -13)))?
35
Evaluate -30 - (38 + (-42 - -27)).
-53
Evaluate -22 + 0 - (8560 + -8491).
-91
Calculate 16 - 65 - 31 - (1 - 18).
-63
What is 54 - ((22 - 5) + (21 - 48) + 16)?
48
(-2 - 0) + -7845 + 7910
63
Calculate -1 + 0 + -12 - (-15363 + 15339).
11
12 + 1 + (5551 - 5593)
-29
What is -2 + 17 + -2 - 1 - (-8237 - -8234)?
15
Evaluate -113 + 2 - (4858 + -4902).
-67
87 + (11 + 102 - 225)
-25
Evaluate 113 - (-5 - (-11 - -8) - -32).
83
Calculate 44 + -3 - 14 - (20 - (8 - 4)).
11
What is 1 + (-1 - (0 + 19)) + 6900 + -6984?
-103
Calculate -31 + -12 + 48 - -45.
50
What is the value of 27 + -26 - (-14 + 52)?
-37
-11 - 31 - (-24 + -15 + 17)
-20
What is the value of (62 - 9) + -66 - (-6 - (36 + -4 + 3))?
28
Evaluate -14 + -59 + 63 + 4 + 35 + -3.
26
What is 45 + (-116 - (-42 - -6))?
-35
Calculate -48 + (42 + 12 - 10).
-4
1 - 1 - (-3 + 1) - (-31 + 11 + -37)
59
What is -7 + 6 + (110 - 78)?
31
Evaluate -44 + 1 + (210 - 87).
80
Evaluate -27 - -22 - -2 - (14 - (-3 + 4)).
-16
Evaluate (-109 - (-4 - -1)) + -4639 + 4680.
-65
What is the value of 4 - -4 - (111 + -109 - (88 + (3 - 4)))?
93
What is 2 + 3 + 6 + 3481 + -3448?
44
-47 + 1 + (2 + -2 + 5 + -12 - -1)
-52
Calculate 11 + (-6 - (5 - 0) - (-24 - -59)).
-35
What is -17 + (15 - 0) + -360 + 362?
0
What is -64 + 8 - (-658 + 648)?
-46
What is 12 + (13 - -2 - 14) - (59 - 0)?
-46
Calculate 67 + -308 + 330 + (-3 - 0) + -8 + -10.
68
Evaluate -12 + (-49 - (-27 + 28)) + 28.
-34
What is (-19 - (24 - (180 + -7))) + -29?
101
22 + -5 + 3 - (-4 + -12)
36
65 + (-150 - -58) + (30 - -1)
4
Calculate -45 - (-22 + (118 - 20)).
-121
Calculate -10 - ((72 - -43) + -164).
39
Calculate -3578 + 3510 - (-2 + 2 + -13).
-55
76 + (50 + -102 - -14)
38
Evaluate -9 + 15 - (1 + -43) - (-7 - (1 + -2)).
54
(-176 - (-183 + 15)) + 1 + -20
-27
Evaluate (-13 - -7 - (13 - 23)) + 0 + -79.
-75
32 + (-8 - (11 - (4 + -9)))
8
What is the value of -14 + 46 - ((47 - 41) + 2 + -7)?
31
What is 81 - 0 - (-27 - (46 - 94))?
60
Evaluate 8 + (17 - (71 - 24)).
-22
What is the value of (-108 - -136 - -67) + -165?
-70
What is the value of 398 + (-155 - 253) - (-1 + (1 - 28))?
18
Calculate -3 + 10 + 5 - (82 - 34 - (0 - -1)).
-35
-78 + -23 + 91 + -75
-85
What is 18 + 57 + 61 + -70?
66
What is the value of 5 + 1 + 6 + -30 + 49?
31
Calculate -64 + 0 + -3 - (106 - 51 - 73).
-49
What is (3 - -21) + (-22 - (-58 - -36))?
24
What is the value of (9 - 12) + -101 - (-3 + 5 + 1)?
-107
Calculate 13 - (6 - 3) - (-151 + 305 + -155).
11
Evaluate 16 + -18 - -6 - (-2 + 4) - (109 - -13).
-120
(-64 - -174) + -65 + -50
-5
Evaluate 1 + 0 - (1 + 37) - (-154 + -287 - -439).
-35
129 - (-107 - -105 - -81)
50
Evaluate 53 - (-3 - -6) - (-5 + 37 - 19).
37
What is the value of -1 + 7 + 37 + (70 - 99)?
14
62 - (1 - 17 - (-790 + 764))
52
119 + (-3 - -3 - (-41 - -53 - (0 + 0)))
107
(-57 - (109 - 315)) + -51
98
Evaluate 91 + (-13 - 46) + 38.
70
Evaluate 73 + 7 + (27 - (53 - -4)).
50
Evaluate -668 - -688 - (1 - 28).
47
26 + 13 + -24 + 12 + 16
43
What is the value of 5 - (-1 + -76 - (-69 + 10 + 66)) - -2?
91
Evaluate -25 - ((9 - -17) + -19 + -53).
21
What is the value of -4447 - -4412 - (-2 + -20)?
-13
-289 + 295 + (4 + -7 + 0 - 11) + -44
-52
(-1 - 137) + (117 - 54)
-75
Calculate -12 - (-44 - -16 - -50 - 70).
36
Evaluate -1 + -4 + (26 + 15 - -25).
61
Evaluate 24 + -31 + (-2 - (-9 + 8 - 60)).
52
-129 + (222 - 87) - (1 + -19)
24
Evaluate (-14 + 0 - 20) + 37.
3
Evaluate 487 + -521 + 1 + -3 + 86.
50
Calculate -8 + (-4 + 11 + -25 - (-95 - -88)).
-19
16 - 0 - ((7 - 35 - -48) + -60)
56
What is 18 + (-8 - 16) - (11 + -32)?
15
What is 41 - 65 - (-79 + -12 + 18)?
49
What is -20 + 4 + 13 + -14 + -3 + -45?
-65
Evaluate (-18 - (6 - 23)) + (-5 - (-48 + 1)).
41
(78 - 76) + (-3 - 1) - 59
-61
What is the value of -50 + 94 - (12 + -6 + (5 - (-2 + 7)))?
38
What is the value of -34 + (13 - -2) + 3 + (-8 - -5) + -6?
-25
What is 34 + (-50 - (-49 - -31))?
2
What is -9 - (-13 + -2 + 0 + 3) - -8?
11
Calculate 39 + (-87 - (50 - (39 - 1))).
-60
20 + 11 + (-9 - 12) + 9
19
What is the value of -26 + 14 + -20 + -1?
-33
Evaluate 0 + -28 + 29 + -16 + 0 - 107.
-122
15728 + -15757 - (12 + -1)
-40
50 - (7 + 41 + 18)
-16
Evaluate 90 - (-22 - (-137 - -121 - (10 + 2))).
84
34 + -29 + -84 - -97
18
What is 1 + 0 + (17 - (38 + -5 + -133))?
118
-11 + (-62 - (-26 - 63))
16
What is the value of -105 + (41 - -19) - -101?
56
What is (4 - 20) + -2 - (1044 + -1019)?
-43
What is (3 - 24) + 7 - (15 + -15 - -26) - -16?
-24
(-9 - -9) + -5 + -1 - (-51 - 7) - 0
52
What is (-3 + -5 - 0 - (-16 + 40 + -17)) + -8?
-23
Calculate 127 + -104 + 138 - 131.
30
706 - 723 - (3 - -67)
-87
What is -23 - (-9 - (-1 + 2 + -6) - 1) - -6?
-12
What is the value of -7 + 17 + 3 + -13 + 4 + 0?
4
2 - 3 - ((-6 + 1 - 4) + 3 + 13)
-8
Calculate 24 + 84 + -164 - 30.
-86
107 + (174 + -47 - 281)
-47
Evaluate 4 - (23 + -19 + 2 - (0 + 5)).
3
Evaluate -1 + (-33 - 65) - (47 + -57).
-89
Calculate 24 + -37 + 21 + 2.
10
What is the value of -30 + -3 - (-43 + 3)?
7
32 + (-7 - -5) - (173 - 218)
75
What is the value of 10 - (48 + -57 - -33)?
-14
Calculate 26 - (-38 + (-2 - -59)) - (1 - 8).
14
Calculate 1 - -3 - (819 - 868).
53
Calculate -30 + (8 - -3) + 63 - 52.
-8
Evaluate -7 - (-18 + -21 + 3) - (0 + 8).
21
Evaluate 30 + (15 - 15) + -4 + -14 + 23.
35
What is the value of -40 - (2 - (-3 - -4)) - (83 + 0 - 72)?
-52
-1154 + 1054 - (-10 - (7 - 3))
-86
(-4 - -7) + 7 - (18 - 30) - -13
35
Evaluate -18 - -73 - (28 - -50).
-23
Calculate 31 + 5 + 4 + -12.
28
Calculate (35 - (-26 - -42)) + -62 + 31.
-12
Calculate (-45 - -1) + (-6057 - -6135).
34
What is the value of (25 - -2) + (-22 + 3 - -14 - -10)?
32
Calculate -4 + 5 + 8 + -1 - (-6 - -26).
-12
What is the value of (-11 - 8) + 25 + -34 + 4?
-24
Evaluate 66 + -124 + -12 + 141.
71
What is the value of 3 - (14 - 1) - (-4 + (34 - 119))?
79
What is the value of 6 - (10 + -1) - ((14 - (12 - 7)) + 9)?
-21
Evaluate (-1 - -1) + 14 + -3 + (-1 - -1) + -6.
5
Calculate -11 + (1 + -11 + 9 - -13) + -111 + -3.
-113
What is the value of -24 + -16 + 99 + -22 + 56?
93
What is 62 - (-63 + -50 + 303)?
-128
What is the value of (-4 - -7) + (-48 - 10) + 7?
-48
Evaluate -6 + -119 + 46 + -33 - -29.
-83
What is (-2 - 13) + -86 + -1 - -36?
-66
Calculate (1 - -32) + -10 + (28 - 83).
-32
What is the value of 2 + -6 + 1 + 2 - (129 + -125)?
-5
Calculate (1 - -60) + (-3 - -3) - (-275 + 132 - -142).
62
What is -15 - (0 - 12) - -15 - 25 - -55?
42
What is the value of 28 + 29 + (-32 - -5)?
30
What is 69 + (113 - 99) + -185?
-102
Evaluate 215 - 196 - (-3 + 15 - -12).
-5
Calculate -12 + (-13 - -20) + (-2 - -9) + 178 + -163.
17
Evaluate 38 + 1 - ((11 - -17) + -37 + 18).
30
-111 + 53 + 2 + -23 + 23
-56
Evaluate -12 + 33 - (-13 - (59 + -36)).
57
What is 33 + -15 + -47 - -13 - -47?
31
What is -1466 - -1471 - (-52 - 2)?
59
46 + 45 + -107 + (38 - 3)
19
What is the value of 69 - (-8 + -1 + (-72 - -88))?
62
Evaluate -69 + 28 - -17 - -38 - (-3 + 53).
-36
Evaluate -14 - ((-10 - -6) + 8 + -10 + -14).
6
Evaluate -19 + (-83 - (13 + -107)).
-8
9 - (-21 + -27) - (3 + -7)
61
Calculate -63 + (79 - 38) + 43 - (1 + 10).
10
What is (1 - 6) + -31 + 11 + 2 + -5?
-28
Calculate (-12 + 4 + 0 - (-7 + 1)) + -8 + 10.
0
What is (-16 + 30 + 30 - 16) + 8?
36
What is 22 - ((18 - 16) + -10 + -7)?
37
What is 8 + (-95 - -97 - (7 - -2)) + (9 - 0)?
10
Calculate -8 + -14 + (-5 - -15) - -6 - -18 - 6.
6
What is 102 - 74 - 72 - (0 - 8 - -1)?
-37
What is the value of (40 - -4) + -5 - (18 + (-14 - -3) - 17)?
49
Evaluate (3 - 158) + -18 + 297.
124
What is -7 - 26 - 6 - (-43 + 7)?
-3
Evaluate (14 - 1) + 95 + (42 - 74) + (-14 - -2).
64
What is the value of (-18 - 9 - (1 - 13) - 7) + 89?
67
What is -8 - (9 - (8 + -1 - (-15 + 8)))?
-3
Calculate (-126 + -37 + 4 - -36) + (10 - 3).
-116
What is (-35 - (63 - 37)) + 39?
-22
(62 - 0) + 2 - ((3 - -15) + -24)
7